18*t - 41*t. Is t composite?
False
Suppose -4*c - 2*f = -88140, -4*c + 66105 = -c + 3*f. Is c + (-3 + 0 - (-3 + 2)) a prime number?
False
Let r = -6 + -6. Let q(o) = o**2 + 21*o + 6*o - 13 - 4*o - 11*o - 2*o. Is q(r) prime?
True
Let f be (14/4)/(4/8). Suppose 7*s = f + 14. Suppose y - 86 = -s. Is y prime?
True
Suppose -k = -25503 - 14048. Is k a prime number?
True
Suppose 5*b - 1828508 = -19*b - 20*b. Is b a composite number?
True
Let j(y) = 20*y + 24. Let m be j(-1). Suppose m*x - 904 = 2560. Is x composite?
True
Suppose 1211*l - 357077 = 1210*l + 2*v, l + 2*v - 357081 = 0. Is l prime?
True
Let h be (-2 + -1)*2/3. Let c(s) = 37*s**2 + s - 12*s**2 + 3*s + 3 - 9*s**2. Is c(h) prime?
True
Suppose -544*m + 5*c + 288381 = -541*m, 5*m - 4*c - 480661 = 0. Is m a prime number?
True
Suppose -29*y - 76*y + 4823433 = 351588. Is y a prime number?
True
Let d(o) = -25 + 14 + 19*o + 6*o**2 - o**3 - 16*o. Is d(-12) a prime number?
False
Suppose 106*p - 13176 = 98*p. Suppose 5*t + 2*y = p, -289 = -3*t + 3*y + 716. Is t prime?
True
Let f(u) = 690*u**2 - 30*u + 11. Is f(6) composite?
False
Let q(d) = -538*d + 2449. Is q(-16) a prime number?
True
Let s(f) = 6405*f**3 - 34*f**2 + 47*f - 25. Is s(6) prime?
False
Let g = 570548 - 207891. Is g composite?
False
Suppose -2*w - 3*w = -17975. Suppose 0 = -5*b - 5*c - 250 + w, -4*b - c + 2685 = 0. Suppose -a = 3*n - 0*a - b, -n = 2*a - 229. Is n a prime number?
True
Suppose 59*j + 12928564 = 103*j. Is j composite?
False
Let h(l) = -l**3 - 16*l**2 - 14*l + 26. Let o be h(-15). Suppose -4*a + o*k - 6*k = -21, a - 7 = 3*k. Suppose -3*t + x + 1515 = t, -a*x + 4 = 0. Is t prime?
True
Let u = -77 - -79. Suppose -5*a + 6*m = 3*m - 30, a + m = -u. Suppose -2*y - 224 = -a*l - 1275, 5*l = -5*y + 2590. Is y composite?
False
Suppose -17*v + 37025 + 37384 = 0. Is v a prime number?
False
Suppose -14790980 = -2*s - 28*s + 10*s. Is s prime?
True
Let i(l) = 23*l - 13. Suppose -5*q = -4*u - 9, 4*u - 24 = 3*u - 4*q. Let r be i(u). Suppose r*m - 76*m - 2199 = 0. Is m a prime number?
True
Let j(k) = 20*k**2 - 135*k + 93. Is j(-22) a composite number?
False
Suppose -35907*a + 35903*a + 4797388 = 0. Is a a composite number?
True
Suppose -5*p = -2*d + 10, 1 + 1 = -2*d - p. Let n(r) = r - 254. Let u be n(d). Let s = u + 1720. Is s prime?
False
Suppose -373129 = -4*p + y, 178*p - y + 93276 = 179*p. Is p a prime number?
True
Is ((-166140)/(-30) - (-1 + 7)) + 1 composite?
True
Let c(d) = 9*d**2 - 624*d + 468. Is c(-113) a composite number?
True
Let r(a) = -29*a + 280. Let j be r(0). Let y = -57 + j. Is y a prime number?
True
Suppose 2*v = -14 - 110. Let k = v - -80. Is (14/5)/(k/10035) composite?
True
Let f = -28 + 32. Suppose 4*k - 24 = 4*p, f*p = -k - 1 + 2. Suppose -k*t = -887 - 298. Is t prime?
False
Let m = -14 + 19. Suppose m*r + 12 = -r. Let i(w) = 48*w**2 - 2*w - 5. Is i(r) composite?
False
Suppose 2*t - 815 = -39. Let i = 1251 + t. Is i composite?
True
Suppose 16*o - 21864 = 2920. Let c = o - -2244. Is c prime?
True
Let o = 11857 - 5906. Is o a composite number?
True
Let o(l) = 264*l - 11. Let q(z) = z**2 + 7*z - 16. Let n be 2/((-54)/249) - (-10)/45. Let p be q(n). Is o(p) prime?
False
Let t(c) = 884*c + 2439. Is t(76) composite?
False
Let g(r) = -r + 5. Let i be g(5). Suppose i*n - 5 = -n, -3*k + n = -118. Suppose -k = q - 1208. Is q a composite number?
True
Let f(d) = 3*d + 6. Let q be f(-1). Suppose q*h = -2*t - 6, -t - 2 = -h - 3*t. Is 4*(3 + h) - -2241 a composite number?
False
Suppose i = 2*z - 24, i = -2*i. Is 14/(-2)*(-1212)/z composite?
True
Suppose -5 = -0*o - 5*o, -5*o - 373 = -3*f. Is 67956/f*(-66)/(-4) prime?
False
Suppose 8*c + 18 = 10*c. Let h be 12/(-54) - (-2)/c. Suppose h = k - 483 - 308. Is k composite?
True
Is (-4 + 4 - -263875) + (-15)/(-5) prime?
False
Let j(s) = 17*s**2 - 24*s**2 - 3*s**3 - 10*s + 6 - 8 - 21. Is j(-7) a prime number?
True
Let d = 138 - 135. Let t be (d/4)/(1/4). Is 3/((-2)/((-878)/t)) composite?
False
Let y = 335 + -335. Suppose y*x = 6*x - 46446. Is x a prime number?
True
Let j be (25/75)/(-1 - 10/(-9)). Suppose 4*y = 2*k + 2700, -4*k - 2039 = -j*y - 6*k. Is y prime?
True
Suppose 385*h = 398*h - 49517. Is h prime?
False
Suppose 11*n - 8*n + 1263 = 0. Let c(k) = -k**2 - k. Let l be c(1). Is (-2 - n)*(l - -4) a prime number?
False
Suppose -77391934 = -3825*d + 3763*d. Is d a prime number?
False
Let t be 18*-2*(-243)/4. Let y = -472 + t. Let o = -600 + y. Is o prime?
False
Suppose 0 = -92*p + 6405034 + 2710234. Is p a prime number?
True
Suppose 14*r - 15*r = -x + 452504, -2*r = x - 452483. Is x a prime number?
True
Let z = 67988 + 20223. Is z composite?
False
Let l be 4/(-8)*(0 - 10). Suppose -l*i = -12151 + 2516. Is i composite?
True
Let g be (-3)/(206/(-50) + 4). Suppose -5*s = -g, -7*w + 15 = -3*w - s. Suppose 1783 = w*m + 318. Is m a composite number?
False
Let p = -90 + 245. Let t = 139 - p. Is 9/12 + (-43172)/t composite?
False
Let w = -1 - -5. Suppose 2*p - 3 = -3*x + p, -5*x + w = 2*p. Is (1268/(-8))/((-1)/x)*1 a composite number?
False
Let b = -241575 - -359482. Is b prime?
False
Suppose -y + 2*y = -6. Let z(x) = -20*x**3 - x**2 - 9*x - 11. Is z(y) a composite number?
False
Is 446227 - (-1)/((3/(-12))/(6/4)) a composite number?
False
Let d(t) = t**2 + 8*t - 2. Let r be d(-9). Suppose 3*s - r*s = -1168. Suppose -4*u + 3*k + s = -60, 2*u = -4*k + 154. Is u prime?
False
Let u(w) = -12*w - 25 + w**3 - 171*w**2 + 157*w**2 - 2. Is u(16) a prime number?
True
Let s = 26 - 1. Let q = -19 + s. Let r(i) = 53*i - 1. Is r(q) composite?
False
Suppose 0 = -15*x + 11*x - 20. Suppose 27*h = 26*h + 3. Is (x + h + 1)*-155 a composite number?
True
Suppose -5*w - 322 = -g, -314 = 7*w - 2*w + 3*g. Let u = w - -88. Let m = u - -895. Is m a composite number?
False
Suppose 12*j + 2*j - 51*j = -41032371. Is j composite?
True
Suppose 3*f - 21 = -4*c + 4*f, 2*f = -5*c + 23. Suppose -8473 = -4*k + c*j, -3*k + 4587 = 4*j - 1760. Is k composite?
True
Let t(r) = 432*r - 131. Suppose 53*h = 37*h + 176. Is t(h) prime?
True
Let c(x) = -21*x**3 - 11*x**2 - 82*x - 125. Is c(-23) a composite number?
True
Let d(z) be the first derivative of -7*z**6/120 + z**5/30 - 3*z**4/8 - 3*z**3/2 + 11*z**2/2 + 5. Let a(l) be the second derivative of d(l). Is a(-5) prime?
False
Let h = -467 + 465. Let x = -3 + 6. Is x + ((-3797)/h - (-2)/(-4)) a composite number?
False
Suppose 7 = -o + 10. Suppose 2*k = 4*g + 5*k + 7, -o*g + 31 = -5*k. Suppose g*y - 352 = -2*c + 2702, -c + 3058 = 2*y. Is y a composite number?
False
Suppose 4*r + 8 = 2*r - 3*x, -5*r + 2*x = -18. Suppose -10 + r = -4*a. Suppose 2*c + 5*j - 526 = 0, -a*c = -4*c + j + 526. Is c prime?
True
Suppose 0 = -7*x + 9*x + 354. Let m = x - -806. Is m a prime number?
False
Let x = 309535 + -103928. Is x a composite number?
False
Let h = -3826 + 6079. Let c = 11692 + h. Is c prime?
False
Is 5/((-15)/(-9)) - ((-194008810)/(-5))/(-19) prime?
False
Suppose w + 2*w - 9 = -v, -3 = 2*v - w. Let x be (v - (-1 - 0)) + 8/(-8). Suppose r - 1812 = -t, x*t - t + 4*r = -1807. Is t prime?
True
Let n(v) = 2*v**3 + 294*v**2 - 128*v - 941. Is n(-144) a prime number?
True
Let v = 260 - 554. Let z = 373 - v. Is z composite?
True
Suppose -59*i + 117426 = -53*i. Is i a prime number?
True
Suppose -3*p + 5*y + 4886 - 22496 = 0, -2*y = -2*p - 11736. Let d = p - -13186. Is d a prime number?
True
Let h = -6148 - -15157. Suppose 23*u - 42810 = h. Is u composite?
True
Let u = 2587 - -59602. Is u a composite number?
False
Is (-4)/(-6)*(4 - (-78065)/10) a composite number?
True
Let m(o) = -o**3 + 11*o**2 + o + 16. Let d be m(11). Let q(v) = 14 - 14*v - 20*v + 3*v**2 + d*v + 0*v**2. Is q(4) a prime number?
False
Let y(c) = c**3 - 5*c**2 + 6*c - 17. Let n be y(4). Let i(o) = 14*o**2 + 6*o + 10. Let d be i(n). Suppose -5*r + 1080 = -z, -3*r - 2*r - z = -d. Is r composite?
True
Let n(v) = 8*v**2 - 19*v - 61. Let k(q) = -q**3 - 13*q**2 - 11*q + 30. Let o be k(-12). Is n(o) a composite number?
True
Let t be 0/(35/(-14) + (-1)/(-2)). Let b(p) = -p**3 + 8*p + 419. Is b(t) prime?
True
Suppose -89*d + 9043 = -39284. Let h = 873 - -199. Let r = h - d. Is r a composite number?
True
Let f be 4/5 - 357/(-35). Let g(z) = 13*z - 90. Is g(f) a composite number?
False
Let l be (-2)/((-20)/(-4) + -3)*0. Suppose l = -7*g + 6*g + 4. Supp